 3*h. What is the remainder when k is divided by h?
13
Suppose d - 4*d = -15. Let a be 5 + 3*(1 - 2). Suppose 11 + 57 = d*l + 2*k, -a*k = -l + 4. What is the remainder when 22 is divided by l?
10
Let f(k) = -k**2 - 9*k + 36. Calculate the remainder when f(-10) is divided by 14.
12
Suppose -4*v + 40 = -y, 4*y - 8 = 8. Suppose 0 = -2*s + 3*s - 24. Suppose 2*q - s = -5*l, l + 2*q + 3*q = 14. What is the remainder when v is divided by l?
3
Let h(q) = 2*q + 33. Calculate the remainder when h(-11) is divided by 52/12 + 1/(-3).
3
Suppose -4*s + 0*b = b - 1821, -5*s - 2*b + 2274 = 0. What is the remainder when 35 is divided by (-3)/2*s/(-36)?
16
Let b be (2/(-6))/((-9)/81). Suppose -b*z - 1 = -p, -z - 2*z = p - 31. What is the remainder when 62 is divided by p?
14
Let o = -1 - -13. Calculate the remainder when 46 is divided by o.
10
Suppose 4*d + 2 = 3*d - 3*y, 3*y = -2*d + 5. Calculate the remainder when 25 is divided by d.
4
Let z be 0 + 6/4*2. Suppose 4*h - 35 = n - 3, -39 = -z*h - 3*n. Calculate the remainder when 33 is divided by h.
6
Let k be (-48)/(-22) - 4/22. Let v be (0 - 3) + k - 28. Let l = v - -51. Calculate the remainder when l is divided by 8.
6
Let i = 8 + -4. Let t(x) be the first derivative of 2*x**3/3 - 2*x**2 - 3*x - 2. What is the remainder when t(i) is divided by 7?
6
Let f(h) = h**3 + 7*h**2 + 2*h - 11. Calculate the remainder when 63 is divided by f(-6).
11
Suppose -9 = -4*r + 3. Suppose -r*h = -6*h + 183. Suppose -27 = -2*l + 4*q + h, -2*l - 5*q + 97 = 0. What is the remainder when l is divided by 16?
14
Let s(c) = -3*c + 4. Suppose -2*t = -2*l - 10 - 8, 4*t - 61 = -l. Calculate the remainder when s(-7) is divided by t.
11
Calculate the remainder when (2/(-6) + 1)*75 is divided by 13.
11
Let o = 102 - 101. Calculate the remainder when 8 is divided by o.
0
What is the remainder when 16 is divided by ((-6)/(-8))/((-2)/(-16))?
4
Calculate the remainder when ((-4)/6)/(9/(-2133)) is divided by 32.
30
Suppose 2*b - 131 = -2*l + 7*b, 0 = 4*l + b - 229. Calculate the remainder when l is divided by 30.
28
What is the remainder when 129 is divided by 23 + (2 + 0 - (-4 - -3))?
25
Suppose -2*y + 4*y = -n - 15, -4*n = 2*y + 12. Let j be (12/y)/((-2)/4). Calculate the remainder when 43 is divided by (0 + (2 - j))*-15.
13
Let j = 33 - -3. Suppose -5*p = -0*p + 50. Let l = p + j. What is the remainder when 76 is divided by l?
24
Suppose -t - j = -3*t + 6, t - 5*j = -15. Calculate the remainder when t is divided by 2.
1
Calculate the remainder when (-27)/2*-2 - -2 is divided by 6.
5
Let t = -26 + 33. What is the remainder when 46 is divided by t?
4
Calculate the remainder when 2 is divided by 1/(-8) - (-144)/128.
0
Let f(p) = 3*p - 10. Suppose 5*l - x - 27 = -0*l, l - 21 = -5*x. Calculate the remainder when f(l) is divided by 3.
2
Let o = -112 - -180. What is the remainder when o is divided by 35?
33
Suppose -3*h = h - 56. Let t(c) = 7*c + 5. Let p be t(-7). Let a = 70 + p. What is the remainder when a is divided by h?
12
What is the remainder when (-1 + 0)*((1 - 2) + -48) is divided by 10?
9
Suppose -3*g - 14 = -4*g. Suppose 0*z - 5*z = -180. Suppose -4*c = -z - 64. Calculate the remainder when c is divided by g.
11
Let w(m) = m**3 + 6*m**2. Let g be w(-6). Suppose -4*t + 3*i = 5 + 2, g = -5*i - 15. Let l = t - -15. What is the remainder when 31 is divided by l?
9
Suppose 49 = 3*n - 4*o, -o + 0*o - 1 = 0. What is the remainder when 53 is divided by n?
8
Let x(d) = -d**2 - 15*d + 27. What is the remainder when x(-10) is divided by 28?
21
Suppose -7*s + 5*v + 102 = -3*s, 2*s - 3*v - 50 = 0. Suppose 4*q + q = -b + 5, -5*q = -5*b + 25. Calculate the remainder when s is divided by (b - 20)/((-1)/1).
13
Let u(p) = -p**3 - 4*p**2 + 3*p + 8. Let d be (-4)/(-26) + (-871)/169. Calculate the remainder when 34 is divided by u(d).
16
Let l = -5 - -24. Calculate the remainder when 27 is divided by l.
8
Let j(g) = -39*g - 1. Let d be j(-1). Suppose -2*c - d = -2*i, 3*c - 1 = -i - 2*c. What is the remainder when 62 is divided by i?
14
Let s = -10 + 0. Let k = s - 2. Let b = k + 18. Calculate the remainder when b is divided by 4.
2
Let h be -1*(0 - (1 + -2)). What is the remainder when 8 is divided by (15/10)/(h/(-2))?
2
Suppose 5*c + h - 78 = 0, -5*h = -3*h - 6. Suppose 20*y - 64 - 16 = 0. Calculate the remainder when c is divided by y.
3
Suppose -2*k - c = 8, -k - 2*k - 4*c - 2 = 0. Let t(w) = 4*w - 5 + 5 - 1 + w**2. What is the remainder when 20 is divided by t(k)?
9
Let q(r) be the first derivative of -1 + 2/3*r**3 + r - 1/2*r**2. Calculate the remainder when 47 is divided by q(3).
15
Let w be 56/(-10) + (-2)/5. Let k(t) = -2 - t - 3*t**2 - t + 5*t + 4*t**2. What is the remainder when 31 is divided by k(w)?
15
Let d = 42 + -1. Suppose -4*r + 86 = 2*k, -5*k = r - d + 15. Calculate the remainder when r is divided by 11.
10
Let o(p) = -2*p. Let i(u) be the first derivative of -7*u**2/2 + u - 3. Calculate the remainder when o(-7) is divided by i(-1).
6
Suppose -3*m + 64 = m. Suppose 3*p + p = -2*t + 36, 0 = 3*p - 12. Let r = 40 - t. What is the remainder when r is divided by m?
14
Suppose 4*b + 2*z = 4*z - 12, -3 = -5*b - 2*z. Let p = 1 + b. Suppose p*t = -t + 8. What is the remainder when t is divided by 5?
3
Let r(w) = -2*w**2 - 7*w + 8. Suppose o - c + 2 = c, 8 = -4*c. Let p be r(o). Let n = 41 + p. Calculate the remainder when n is divided by 10.
9
Let i(k) = -k**2 - 15*k - 4. Suppose -2*x = 5*u - 89, -3*u + 4*x = -7 - 36. What is the remainder when u is divided by i(-14)?
7
Suppose 3*k = 4*t - 443, -2*k - 436 = -4*t + 2. Calculate the remainder when t is divided by 27.
26
Let k(x) = x + 4. Let n be 4*-3*6/(-9). Let u be (n/(-6))/((-5)/15). Calculate the remainder when 15 is divided by k(u).
7
Let t(z) = -2*z + 8. Let n(x) = -3*x + 8. Let w(u) = -5*n(u) + 6*t(u). Calculate the remainder when 84 is divided by w(7).
26
Let f(s) = 2*s**2 - 2*s - 2. Let k be f(-4). Let c = k - -11. Calculate the remainder when c is divided by 17.
15
Let h(p) = 2*p**3 - p**2 + p + 2. Let u(a) = 6*a**2 - a - 5. What is the remainder when u(3) is divided by h(2)?
14
Suppose -4*b + 3*d + 410 = -2*d, 2*b + 2*d - 196 = 0. Suppose 3*w - 2*s = 45 + 22, -b = -5*w + s. Calculate the remainder when w is divided by (2 + 0)*5/1.
9
Suppose 3*r - 5*c + 1 = 0, -c - 18 = -r - 3*c. Let s(d) = -d**2 + 10*d - 7. What is the remainder when 35 is divided by s(r)?
8
Suppose -w + 2*m + 35 = 13, 4*w + m - 79 = 0. Calculate the remainder when 38 is divided by w.
18
Let b be ((-3)/6)/((-1)/(-372)). Let l = -125 - b. What is the remainder when l is divided by 21?
19
Let r(k) be the first derivative of k**3/3 - k**2/2 + 2*k + 1. Suppose 4*a + a - 10 = 0. What is the remainder when r(a) is divided by 3?
1
Let g(i) = -i + 9. Let b be g(8). What is the remainder when 23 is divided by -3 + 2 + 6 + b?
5
Suppose 0 = 5*s - s. Let x = 11 - 9. Let d = x + s. What is the remainder when d is divided by 1?
0
What is the remainder when 33*((1 + 29)/(-3))/(-6) is divided by 29?
26
Suppose 85 = -15*a + 20*a. Calculate the remainder when 67 is divided by a.
16
Let u = 173 + -71. Calculate the remainder when u is divided by 18.
12
Let r(c) = c**3 - 12*c**2 + 23*c - 2. What is the remainder when r(10) is divided by 3?
1
What is the remainder when (-5 + 1 - 43)*(1 - 2) is divided by (-2)/(-5) + (-78)/(-5)?
15
Suppose -5*u + 37 = 3*o, -22 = -u + 5*o - 9. What is the remainder when 21 is divided by u?
5
Let x(m) = 2*m**2 + 3*m + 3. What is the remainder when 33 is divided by x(-2)?
3
What is the remainder when 4 is divided by 13 + -10 - 0/(-1)?
1
Let x(v) = -v**2 + v + 13. Suppose 5*b - 45 = -3*c, 4*b - 20 - 18 = -2*c. Let j = -7 + b. Calculate the remainder when x(0) is divided by j.
3
Calculate the remainder when (5 + 11)*(-14)/(-8) + -3 is divided by 19/2 - (-1)/(-2).
7
Let l(f) = -6*f - 4*f**2 - 3 + 3*f**2 + 7. Let o be l(-6). Suppose 7*j - 2*j = -2*d + 8, 0 = j + o. Calculate the remainder when 26 is divided by d.
12
Let p be 1/((-1)/2) - -5. Let y = 23 - 41. What is the remainder when (p + -4)*y + 0 is divided by 10?
8
Let s(v) = -v**2 - 13*v + 2. Suppose 2*i - 91 = -5*h, 4*h - h + 5*i = 66. Calculate the remainder when s(-10) is divided by h.
15
Suppose 0*g - 15 = -5*g. Let r(q) be the second derivative of q**5/2